 highest common divisor of 117 and 213561.
9
Calculate the greatest common divisor of 1372340 and 354.
118
Calculate the greatest common divisor of 5 and 31305.
5
Calculate the greatest common divisor of 270 and 4335165.
45
Calculate the greatest common divisor of 10064 and 34.
34
What is the highest common factor of 80157 and 7?
7
What is the highest common factor of 118 and 460967?
59
What is the highest common factor of 91 and 21073?
13
Calculate the greatest common factor of 17100 and 2340.
180
Calculate the greatest common divisor of 7503 and 11712.
183
What is the greatest common divisor of 562972 and 340?
68
Calculate the highest common divisor of 247684 and 4.
4
What is the highest common factor of 17598 and 420?
42
Calculate the highest common factor of 311789 and 167.
167
Calculate the highest common factor of 119 and 23450.
7
Calculate the highest common factor of 4667 and 2494691.
359
What is the greatest common factor of 20 and 9590?
10
What is the highest common divisor of 1510 and 2436?
2
Calculate the greatest common divisor of 88 and 5645816.
88
Calculate the greatest common factor of 16640 and 56745.
65
Calculate the greatest common divisor of 43299 and 1071.
153
What is the highest common factor of 71 and 863?
1
What is the greatest common divisor of 23 and 2127247?
23
Calculate the highest common divisor of 1952 and 736.
32
Calculate the greatest common divisor of 153936 and 72.
72
Calculate the highest common divisor of 3524097 and 498.
249
What is the greatest common factor of 1329 and 120?
3
Calculate the highest common factor of 54 and 8451.
27
Calculate the highest common divisor of 4 and 34786.
2
Calculate the highest common factor of 15 and 418125.
15
Calculate the highest common factor of 54 and 6304.
2
What is the greatest common factor of 43000 and 2064?
344
What is the highest common divisor of 1260 and 9288720?
1260
Calculate the greatest common divisor of 506 and 7745342.
506
What is the greatest common divisor of 1362 and 582?
6
What is the highest common factor of 626417 and 8183?
167
Calculate the greatest common divisor of 438 and 17988.
6
Calculate the highest common factor of 1932 and 3912.
12
Calculate the highest common factor of 39248 and 550.
22
Calculate the highest common divisor of 303 and 1779.
3
Calculate the greatest common divisor of 2065 and 8201.
59
Calculate the greatest common factor of 530 and 12370.
10
What is the highest common factor of 325850 and 70?
70
Calculate the greatest common divisor of 51568 and 110.
22
What is the greatest common factor of 269339 and 2289?
763
What is the greatest common divisor of 148 and 86876?
148
Calculate the greatest common factor of 1068 and 21156.
12
What is the greatest common divisor of 2464 and 8536?
88
What is the greatest common factor of 11235 and 875?
35
Calculate the highest common factor of 10117000 and 1208.
1208
What is the highest common divisor of 13325 and 1755?
65
Calculate the greatest common factor of 125530 and 10.
10
Calculate the highest common divisor of 950 and 69160.
190
Calculate the greatest common factor of 68 and 10931.
17
Calculate the highest common factor of 1369235 and 203.
203
What is the greatest common factor of 3243849 and 147?
147
What is the highest common divisor of 161 and 2553?
23
Calculate the greatest common factor of 30472 and 78.
26
Calculate the highest common divisor of 13 and 4334577.
13
Calculate the highest common factor of 40 and 8168.
8
Calculate the highest common factor of 792 and 10912.
88
What is the greatest common factor of 74 and 167240?
74
Calculate the highest common factor of 1104 and 4854288.
1104
What is the greatest common factor of 640128 and 1600?
64
Calculate the greatest common factor of 2448 and 134776.
136
Calculate the highest common factor of 2250 and 127008.
18
Calculate the greatest common divisor of 4940 and 1710.
190
Calculate the greatest common factor of 2992 and 86054.
34
What is the greatest common factor of 189872 and 16?
16
Calculate the highest common factor of 22144 and 1664.
128
Calculate the greatest common divisor of 20 and 629560.
20
What is the greatest common divisor of 469 and 7427?
7
Calculate the greatest common factor of 289 and 527.
17
Calculate the highest common divisor of 4163 and 11403.
181
Calculate the greatest common divisor of 22 and 346.
2
Calculate the greatest common factor of 2018 and 2.
2
What is the greatest common factor of 576 and 1351872?
576
Calculate the greatest common factor of 44858 and 8668.
22
What is the highest common divisor of 154 and 427?
7
What is the greatest common divisor of 182343 and 399?
399
What is the greatest common divisor of 48 and 344532?
12
What is the greatest common divisor of 18045 and 18?
9
What is the highest common divisor of 98140 and 8?
4
What is the highest common factor of 111 and 662?
1
Calculate the greatest common divisor of 465990 and 4704.
294
Calculate the highest common factor of 7578 and 4.
2
Calculate the highest common factor of 71 and 1127409.
71
Calculate the highest common factor of 18430 and 9506.
194
What is the greatest common divisor of 4 and 664292?
4
Calculate the highest common divisor of 540 and 9200.
20
Calculate the greatest common divisor of 3044343 and 17.
17
What is the greatest common divisor of 4488 and 15096?
408
Calculate the greatest common divisor of 53311 and 89.
89
Calculate the greatest common divisor of 89808 and 96.
48
What is the greatest common factor of 35 and 8435?
35
What is the greatest common divisor of 890192 and 118?
118
Calculate the highest common divisor of 2485 and 348397.
497
Calculate the highest common factor of 1400 and 1290.
10
Calculate the highest common factor of 994512 and 96.
48
Calculate the highest common factor of 69 and 188462.
23
Calculate the greatest common divisor of 629 and 34003.
37
Calculate the highest common divisor of 4900 and 87808.
196
Calculate the highest common divisor of 376 and 3539241.
47
Calculate the highest common divisor of 526 and 80478.
526
What is the highest common divisor of 2198 and 170816?
314
Calculate the greatest common factor of 690 and 19941.
69
Calculate the greatest common factor of 706 and 1075238.
706
Calculate the greatest common factor of 252 and 656109.
9
Calculate the greatest common divisor of 609 and 1932.
21
What is the greatest common divisor of 1485 and 346599?
297
What is the greatest common divisor of 22594856 and 2104?
2104
Calculate the highest common divisor of 16458 and 2769.
39
What is the greatest common divisor of 44457 and 174?
87
What is the greatest common factor of 50 and 13950?
50
Calculate the highest common divisor of 781 and 11528.
11
What is the highest common divisor of 612 and 43704?
36
What is the highest common factor of 148 and 37592?
148
Calculate the greatest common divisor of 1464204 and 84.
84
Calculate the greatest common factor of 576 and 851712.
192
Calculate the highest common factor of 1358 and 861554.
194
Calculate the greatest common factor of 846 and 171.
9
What is the greatest common factor of 10304 and 812?
28
Calculate the greatest common factor of 618 and 678.
6
Calculate the greatest common factor of 22220 and 660.
220
What is the highest common divisor of 3156 and 4804484?
1052
What is the greatest common factor of 98 and 2404626?
98
Calculate the greatest common divisor of 16113 and 615.
123
Calculate the highest common divisor of 2 and 2388202.
2
What is the greatest common divisor of 323 and 8721?
323
What is the highest common divisor of 1470937 and 13?
13
Calculate the greatest common divisor of 348 and 6533004.
348
What is the highest common divisor of 234 and 677079?
117
What is the greatest common divisor of 47 and 147815?
47
What is the highest common divisor of 14363 and 265?
53
What is the highest common divisor of 5298761 and 13?
13
What is the greatest common factor of 12166 and 9401?
553
Calculate the greatest common divisor of 504 and 61376.
56
Calculate the greatest common divisor of 32 and 34088.
8
What is the greatest common divisor of 3916 and 23452?
44
What is the highest common divisor of 68184 and 1152?
72
What is the highest common divisor of 276 and 3657?
69
Calculate the greatest common divisor of 162633 and 736.
23
What is the 